 the second derivative of -2*r**5/5 - r**4/12 - r**3/3 + r**2/2 - 3218*r. Calculate n(1).
-10
Let g(v) = 3*v**2 - 12*v + 24. Let a(n) = -5*n**2 + 18*n - 36. Let z(b) = 5*a(b) + 8*g(b). Suppose -2*i - 83 = -67. Determine z(i).
-4
Let l(i) = i**3 - 10*i**2 + 3. Let u be ((-12)/6 + 3)*10. Give l(u).
3
Let t(x) = 58 - 169 - 25*x - 4*x - 9 + 5*x. Determine t(-5).
0
Suppose -5*v + 147 - 27 = 0. Let x = 20 - v. Let i(c) = -2*c + 1. Let j(a) = a + 1. Let p(k) = -i(k) - 5*j(k). Give p(x).
6
Let o(f) = -6*f - 15. Let h(z) be the third derivative of -z**4/8 - 4*z**3/3 + 2*z**2 - 44*z. Let p(s) = 11*h(s) - 6*o(s). Calculate p(-8).
-22
Let r(d) = 0*d**3 + d**3 + 5*d**2 - 6969 + 0*d**3 + 6979 + 7*d. What is r(-5)?
-25
Let i(m) = m**2 - 3*m + 8. Let b(f) be the first derivative of 2*f - 172. Let x(z) = 3*b(z) - i(z). Calculate x(4).
-6
Let i be 2 + (-7 - -1) + (-24)/(-6). Let n(p) = -6*p + 1 + 12*p + i. Suppose 5*z = -0*d + 5*d - 20, -4*z = 5*d + 7. What is n(d)?
7
Let d(b) = 32*b + 11. Let q(w) be the second derivative of 11*w**3/6 + 2*w**2 - 7*w - 6. Let h be 1/((-3)/(-153)*3). Let l(m) = h*q(m) - 6*d(m). Give l(2).
-8
Let c(l) = 4*l**2 - 8*l + 9. Let o(v) = 6 + 10*v - 6 + 13 + 8 + 9*v**2 - 26*v. Let b(n) = 5*c(n) - 2*o(n). Give b(3).
-3
Let r(q) = 12*q**2 - q. Suppose -3*m + 32 = 5*m. Suppose -4*k + m = -0*g - 3*g, -5*g = 4*k - 4. Let t be (k/6 - (-57)/(-18))/(-3). Determine r(t).
11
Let t be ((-1328)/(-1660))/((-2)/5). Let o(p) = -p**3 - 9*p**2 - 6*p + 2. Determine o(t).
-14
Let x(k) = -5*k**3 + 3*k**2 - 9. Let z(t) = 14*t**3 - 5*t**2 - t + 26. Let o(c) = 8*x(c) + 3*z(c). Calculate o(-5).
-4
Let n be (-138)/60 + 56/20. Let s(a) be the first derivative of -n*a**2 + 0*a - 2/3*a**3 - 4. Calculate s(-2).
-6
Let n(z) = 1 + 3*z + 475*z**2 - 480*z**2 - 4*z**3 + 5*z**3. Let s = 7 - 1. Suppose -s*y + 4 = -14. Calculate n(y).
-8
Let r be 37/(407/(-88)) - (-39)/3. Let g(m) = -m**3 + 2*m**2 + 19*m - 13. Calculate g(r).
7
Suppose 287 = -27*p + 207 + 215. Let m(t) = -t**3 + t**2 - 4*t + 3. What is m(p)?
-117
Let i(c) = -c**2 + 3*c + 1. Let v = 139 + -105. Suppose 30*u - v*u = -12. Determine i(u).
1
Let o = -24 + 23. Let w be 1 + o - (10 - 12). Let f(p) = -7*p**2 - 2 - 7*p**2 - 10*p + 11*p + 13*p**2 + p**3. What is f(w)?
4
Let q(m) be the third derivative of m**5/60 - 3*m**4/8 + 13*m**3/6 - 1698*m**2 - m. Calculate q(4).
-7
Let v(p) = 25*p + 3 + 31*p + 28*p - 85*p. Let w be (17/3)/((-1)/(-3)). Let a = -12 + w. What is v(a)?
-2
Let b(d) = 8*d + 4. Suppose -q - 3*v - 4 = -7, -2*q - 3*v = -3. Suppose q = -5*p - 7 + 22. Suppose -p*a - 6 = 3. Determine b(a).
-20
Let h(d) = 5 + 0*d + 5 + 2*d - 4*d. Let w = 177 + -172. Give h(w).
0
Let x(v) = 3*v**3 - 3*v**2 - 3*v. Let i be x(2). Suppose 8*k = -i + 38. Let c(d) = -d**2 + 4*d. Calculate c(k).
0
Suppose -4*w - c = 134, -4*c - 42 = -3*w - 152. Let x = w - -41. Let y(j) = 3*j**2 - 2*j**2 - 7*j + 7 + 0*j**2. Give y(x).
7
Let l(p) = p**2 + 64*p + 586. Suppose -75*b + 314 = 1139. Determine l(b).
3
Suppose 5*q + 3*x + 69 = 0, -7*x + 3*x = 4*q + 60. Let j be q/2*4*-2. Let p = j - 43. Let w(o) = 2*o + 7. What is w(p)?
17
Let b(j) = 7*j + 14 + 2 - 2*j. Let y(u) = 6*u + 17. Let k = -2790 + 2794. Let t(f) = k*y(f) - 5*b(f). Calculate t(0).
-12
Let g(m) = 6*m**2 + 2*m - 2. Suppose o + 3*r = 4*o - 3, 0 = -4*o + 5*r + 5. Suppose 5*p + 12 = -q, o = -5*q - 0*p + 2*p - 6. Determine g(q).
18
Let k(c) be the third derivative of c**6/60 + c**5/30 - c**4/24 + c**3/3 + 18*c**2. Let x(a) = -a**3 - 3*a**2 + a - 1. Let y(d) = 2*k(d) + 3*x(d). Give y(5).
6
Let m(c) = -5*c - 1. Suppose 16*x + 30 = x. Let a be (x/(-7))/(192/(-28) - -7). Calculate m(a).
-11
Suppose 0 = 226*z + 634 + 2304. Let m(o) = -5*o - 26. Calculate m(z).
39
Let v(f) = 4*f + 18. Suppose -3*g + 107 = 4*k, 6*k - 5*k - 2 = 0. Let d be g/(-9) - (-8)/12. Let q be v(d). Let w(x) = -x**3 + 7*x**2 - 4*x - 8. Calculate w(q).
4
Let r(l) = l**3 + 2*l**2 - 7*l - 13. Suppose -43 = s + 5*b, -5*s + 62*b = 58*b - 17. Give r(s).
-1
Let o be ((-345)/9)/(-5) + 10/(-15). Let f(m) be the first derivative of o*m**2 - 4*m - 2 + 2*m + 4*m - 4*m. Calculate f(2).
26
Let q(m) = m**2 - 4*m - 7. Let u be 82/(-18) + 10/18. Calculate q(u).
25
Suppose -236 = -94*z + 140. Let r(w) be the second derivative of 0*w**3 - 1/20*w**5 - w**2 + w**z - w + 0. Calculate r(12).
-2
Let m(j) = 14 + 0 + 4 - 12 + 9*j + j**2 + 0*j**2. Let q be (4/6)/(8/(-84)). Calculate m(q).
-8
Let t(n) = 3*n + 100. Let w(z) = 6*z + 246. Let y(j) = 5*t(j) - 2*w(j). Determine y(7).
29
Let t(n) be the second derivative of n**4/3 + n**3/2 + 3*n**2/2 - 226*n - 5. Give t(-3).
30
Let q(k) = k**2 + 8*k - 6. Let l(w) = w**3 - 6*w**2 + 6*w + 7. Let d be l(4). Let o be (d - -5)/((-3)/6). Calculate q(o).
-6
Suppose 0 = 163*q - 169*q + 12. Let u(p) = -5*p - 5 - 6*p**2 - 1 + 3*p**2 - 4*p**q - p**3. Determine u(-6).
-12
Let y(s) = -s**2 + 8*s + 10. Let c be y(5). Let k(g) = 2 - c*g + 35*g - 6*g. Calculate k(-3).
-10
Let f(m) = m**3 + 33*m**2 - 36*m - 51. Let q be f(-34). Let a(n) = -8*n + q + 6 - n**3 + 6*n**2 - 11 + n**2. What is a(6)?
0
Let m(j) = j**3 + 5*j**2 - 52*j - 21. Let q be m(-10). Let x(s) = s + 0*s + s - 5*s. Calculate x(q).
3
Let p(i) = -i**2 + 136*i - 2773. Let m be p(25). Let w(d) = -4*d**2 + 14*d - 29. Calculate w(m).
-17
Let c(k) be the second derivative of -k**5/20 - 5*k**4/12 - k**3/2 + k**2 + k. Let h(r) = -r**3 + 58*r**2 - 243*r - 1170. Let a be h(53). Determine c(a).
-2
Let b(g) = 11*g + 165. Let f = 44425 - 44441. Calculate b(f).
-11
Let j be 2/6 - 2*(-5)/(-30). Suppose 9*d - 10*d + 3 = j. Let y(u) = -u**3 + 3*u**2 + 2*u + 3. Determine y(d).
9
Suppose -m - m - 162 = -y, 0 = 5*m + 5*y + 375. Let u = m - -78. Let t be (36/60)/(u*(-2)/20). Let r(h) = -h**2 + 5*h - 1. Determine r(t).
-7
Let w(y) be the third derivative of -y**5/60 + y**4/6 + y**3/2 - 260*y**2. Let g(u) = u**2 - 2*u + 1. Let l be g(3). Let b = 8 - l. What is w(b)?
3
Suppose 427 = 12*q - 209. Suppose 3*y = -2*p - 155, -4*y - 176 = 5*p + 33. Let b = y + q. Let s(z) = -z**2 - 1. Give s(b).
-5
Let o(z) = 4*z**2 - 3*z**2 + 0*z**2 + 5 + 0*z**2 + 5*z. Let n = -22 + 121. Let s = n + -103. What is o(s)?
1
Let m(q) = 19 + 9 + 620*q - 78 - 615*q. Calculate m(0).
-50
Let p(v) be the third derivative of v**6/40 + v**5/60 - v**3/6 + 3540*v**2. What is p(3)?
89
Let n(i) = -6*i + 1. Let j(r) be the third derivative of -r**6/120 + 4*r**5/15 - 4*r**4/3 + 29*r**3/3 + 177*r**2. Let k be j(14). What is n(k)?
-11
Let a(o) be the second derivative of -o**3/6 - 3*o + 3. Let p be (0/(-52))/(2*1 + -1). Give a(p).
0
Let c(o) be the third derivative of -3*o**4/4 - 29*o**3/3 + 592*o**2. What is c(-3)?
-4
Let m be (-14992)/272 + 60 - 2/(-17). Let w(a) be the first derivative of a**4/4 - 4*a**3/3 - 3*a**2 - 7*a + 4. Calculate w(m).
-12
Let j(x) = 24 - 4*x + 2*x + 5*x + x. Let y be j(-5). Suppose y*n = -0*n + 44. Let w(g) = -g**2 + 10*g + 11. What is w(n)?
0
Let q(w) be the first derivative of -5*w**4/4 + w**2 + w - 2968. Give q(2).
-35
Suppose 35*k - 2218 + 3093 = 0. Let l(u) = -u**3 - 25*u**2 - 4. What is l(k)?
-4
Let f(q) = -q + 8. Suppose -7 = 3*b - 19. Suppose -b*v = -5*v + 41. Suppose 2*n = -5*o + 9 + v, n = 4*o - 40. Give f(o).
-2
Suppose -3*d + 95 + 19 = 0. Let r = -25 + d. Suppose 0 = -o + 8 - r. Let c(i) = 2*i + 4. Calculate c(o).
-6
Let f(l) be the second derivative of l**3/2 - l. Let y be -8 + 3/(((-5)/(-5))/(-3)) + 20. Determine f(y).
9
Suppose -8 + 22 = -l. Let y(i) = -i**3 - 13*i**2 + 15*i + 16. Let o be y(l). Let t be ((-51)/(-102))/(o/(-4) - 0). Let a(m) = 5*m**2 + 2*m + 1. Determine a(t).
4
Let c = -5 - -10. Suppose 6 = -s - 5*n - 5, c*n + 14 = -4*s. Let l(o) be the second derivative of -2*o**3/3 + o**2/2 + 7373*o. Give l(s).
5
Let a be 6/(-7) - (-51398)/5803. Let j(c) = -c**3 - c**2 - c. Let m(q) = 4*q**3 - 5*q**2 + 2*q - 8. Let l(r) = -3*j(r) - m(r). Calculate l(a).
16
Suppose -3*b + 36*p = 32*p + 17, 2*b = 4*p - 22. Let w(n) = -24*n + 11. Determine w(b).
-109
Let t(i) be the first derivative of -i**3/3 - 5*i**2 + 23*i - 1371. Determine t(2).
-1
Let x(t) = -t + 6. Let h(f) = 0*f**2 + 2*f**2 + 4*f - f**2 + 1. Let c be h(-4). Suppose 2*w - 11 = -c. Give x(w).
1
Suppose 5*j + 7 = -12*j + 483. Let p(x) = -x**2 + 27*x + 30. Give p(j).
2
Let b(m) = m - 5. Suppose 33 = -5*j + 3*x, 5*j + 118 =